 113. Suppose -w - w = -n. Is w prime?
False
Let u(i) = 4*i**2 + 2*i + 1. Let k be 6/(-4) - (-3)/6. Let r be u(k). Is r/(-18)*2*-147 composite?
True
Suppose 0*q - 2*q = 6. Let h be ((-14)/q)/((-2)/(-9)). Is 2/(-1 - h/(-19)) a composite number?
False
Suppose -296 = -5*d + 274. Suppose 2*g = -3*z + d, 5*g = 2*z - 4*z + 263. Is g a composite number?
True
Suppose -l + 430 + 1099 = 0. Is l composite?
True
Let u(q) = q + 5. Let p be u(-4). Let d(m) = 38*m**2. Is d(p) a prime number?
False
Suppose 3*y - 62 = 295. Is y a prime number?
False
Let g(s) = s**3 - 8*s**2 + 8*s - 7. Let b be g(7). Suppose 4*n - 3*n = b. Suppose d = -n*d + 26. Is d prime?
False
Suppose -3*p + 0*p + 15 = 0. Let g = -3 + p. Is g prime?
True
Let y(f) = f**2 - 7*f - 7. Let r be y(8). Let i = 22 + r. Is i prime?
True
Let n = -1415 + 985. Is (-27)/36 + n/(-8) composite?
False
Suppose -2*q + 0*q = 12. Let w(f) = f**3 + 8*f**2 - 2*f - 2. Is w(q) a prime number?
False
Let k = -60 - -296. Suppose -5*f + 4*x + 545 = 0, 2*f - x - k = -3*x. Is f a composite number?
False
Let m be 6/10 - 39/15. Let p be (-290)/35 + m/(-7). Let k = p + 27. Is k a composite number?
False
Let q = -473 + 698. Let k = -158 + q. Is k composite?
False
Let h(n) = n**3 - 5*n**2 + 3*n + 3. Let k be h(3). Let j(r) = -r**2 - 8*r - 11. Let o be j(-5). Is (k/3)/(o/(-38)) prime?
True
Suppose -5*x + 2*x = 30. Let d(f) = -4*f + 13. Let g be d(x). Is 1/(-2 + 107/g) a composite number?
False
Let w(o) = o**2 + 11*o + 3. Let p be w(-11). Suppose 3*c - 13 = p*r - 97, 0 = 5*c - 15. Is r a prime number?
True
Suppose -4*w - 970 = w. Is (4 - (4 + w))*1 a prime number?
False
Let a = 9 + -8. Let k be 0/(-1 + a + 1). Suppose -124 = -k*x - 2*x. Is x composite?
True
Let r(d) = -d + 7. Let i be r(5). Is i*((-129)/(-6) - 0) a prime number?
True
Suppose 3*a = -2*a + 30. Suppose -3*s = -a*s, 0 = -4*p - s + 232. Is p prime?
False
Suppose -2*z - z = -3*v + 93, -v + 3*z + 25 = 0. Suppose -q + 3*g = -2*g - v, -5*q - 5*g = -20. Suppose 28 = s + q. Is s prime?
True
Let u(t) = -t**3 - 4*t**2 - 4*t. Let m be u(-3). Suppose m*s + 77 + 19 = 0. Let r = 65 + s. Is r prime?
False
Let m = 117 - 72. Let h = m + 48. Is h a composite number?
True
Suppose 7*k + 2*k - 1269 = 0. Is k prime?
False
Suppose -i = -2*i + 1. Suppose 5*t = 3*q + i, -2*t - t = -5*q + 9. Is q a prime number?
True
Let t = -12 - -8. Let g(i) = -2*i**3 - 5*i**2 - 2*i + 1. Is g(t) a prime number?
False
Let o be 19/(-7) + (-2)/7. Let f(r) = -2*r - 51*r + 2 + 2. Is f(o) composite?
False
Suppose a - 1485 = 4*c, 2*a - 2*c + 4427 = 5*a. Is a a composite number?
True
Let c be 1/2*(-2940)/(-7). Suppose -a + c = 5*a. Is a composite?
True
Let j = 368 - -265. Is j prime?
False
Let j(n) be the second derivative of n**5/5 - n**4/12 - n**3/2 + n**2/2 - 2*n. Is j(3) a composite number?
True
Let m(y) = y**3 - 8*y + 6. Let w = 5 - 1. Let r be w + 1 + -1 - -1. Is m(r) a prime number?
False
Let a be (-6 + -2)/((-1)/(-2)). Suppose -4*h = c - 207, -4*h + 0*h + 219 = 5*c. Let p = a + h. Is p a composite number?
True
Suppose -458 = -4*d + 546. Is d a composite number?
False
Suppose -3*z = -3, 1181 + 8560 = 5*n - 4*z. Is n composite?
False
Suppose 1 = -2*f + 1233. Is 3*(1 + f/12) a prime number?
True
Let a(n) = -19*n - 3 + 3. Let t be a(-2). Suppose -2*p + t = -56. Is p prime?
True
Let b be -10*(12/(-5) + 2). Suppose -b*n = -8*n + 148. Is n prime?
True
Suppose -4*q = -1001 + 253. Is q a composite number?
True
Is (-238)/(-6) - 12/18 a prime number?
False
Let x = 2912 + -603. Is x prime?
True
Let m be 4304/12 - (-2)/(-3). Let l = -57 + m. Suppose l = 4*h - 519. Is h a composite number?
True
Let s(a) be the first derivative of 0*a + 77/4*a**4 + 1/2*a**2 - 1/3*a**3 - 2. Is s(1) a prime number?
False
Let z = 8 - 5. Suppose -4*h + 211 + 109 = -z*u, 3*u - 12 = 0. Is h a composite number?
False
Let i(x) = -3*x**2 + x - 3. Let s be i(3). Suppose 0 = 2*c - k, 3*k + 14 = -c + 7*k. Is (-1587)/s - c/(-9) a prime number?
True
Suppose y + 118 = 2*y + 4*k, -225 = -2*y + 3*k. Suppose -24 = -2*d + y. Is d a composite number?
True
Let g be 2464/3 - 8/(-12). Let s = -499 + g. Suppose -3*v + 5*v + 3*x - s = 0, 4*x = -4. Is v a prime number?
True
Let c(z) = -z**2 + 8*z + 9. Let y(v) = 2*v**2. Suppose 4*r - 5*f - 7 = 0, f = -3*r + 4*f + 3. Let w be y(r). Is c(w) a prime number?
False
Let q(i) = -i + 31. Let t = 8 + -8. Is q(t) a composite number?
False
Suppose -4*j = 4*l - 4340, 2*j = 2*l - l - 1076. Is l composite?
True
Let v(u) = -5*u**3 + 7*u**2 + 9*u - 19. Is v(-6) composite?
False
Let y(a) = -97*a + 4. Let g be y(-6). Suppose -d - d = -g. Is d composite?
False
Let s(f) = f**3 - 5*f**2 + 5*f + 3. Let c be s(4). Suppose -t + 20 = c. Is t a composite number?
False
Let t = -100 - -69. Let l = t - -110. Is l a prime number?
True
Suppose -3*p = -6 - 3. Let t(w) be the second derivative of 9*w**3/2 + 2*w**2 - 4*w. Is t(p) prime?
False
Suppose 4*n = 2*n + 4. Let s(y) = y**3 + 7*y**2 + 4*y - 6. Let r be s(-6). Is n/4 + 507/r a prime number?
False
Let b(m) = -2*m + 4. Let w be b(3). Is 83 + (-1 + 0)*w a composite number?
True
Let a = 11 + -13. Let h(i) be the first derivative of -9*i**4/4 + 4*i**3/3 + 3*i**2/2 - 1. Is h(a) a composite number?
True
Suppose 0 = -2*c + z + 5, 2*c + z = 6*c - 13. Suppose -c*u = 4*f - 340, 4*f = -f + 5*u + 405. Is f composite?
False
Let z(p) = p**2 - 4*p + 2. Let d be 47/(-7) - 4/14. Is z(d) a prime number?
True
Suppose 2*m = -2*i + 6*i + 32, -m = -4*i - 26. Suppose -c + 61 = -m. Is c prime?
True
Suppose 7*i = 6*i + 3. Let y = i + -6. Is 88 + (y - 6/(-3)) composite?
True
Let v(s) = -s**2 + s + 2. Let z be v(-2). Let t = 247 - z. Is t a composite number?
False
Let q(s) = s. Let h be q(0). Suppose 3*f - 126 - 237 = h. Is f a prime number?
False
Let f be 0 + -3*4/(-6). Suppose -20 = f*k - 346. Is k a composite number?
False
Let l be (-2)/((-2)/2*1). Let a = 7 - l. Suppose -5*o = b - 51, 6 = 2*o - a*b - 9. Is o composite?
True
Let y(h) = 12*h + 5 - 26*h - 2 - 24*h. Is y(-8) composite?
False
Let r(q) = -8*q - 1. Let f be r(-6). Suppose 3*s - f + 2 = 0. Is s a prime number?
False
Is (7 + (-51)/6)/(6/(-5036)) a prime number?
True
Let p(x) = x + 2. Let k be p(6). Let o be 1 - -121 - 0/k. Let h = o - 69. Is h prime?
True
Let q = -967 - -1452. Is q a prime number?
False
Let m(q) = -q**3 - 7*q**2 + q + 8. Is m(-9) prime?
False
Let a be (-26)/7 + 2/(-7). Is -1 - -2 - (a + -504) a composite number?
False
Is 6/8 - (-6706)/8 a prime number?
True
Let h(j) = -j + 13. Let t be h(9). Suppose -2*w + t = -w. Suppose -39 = 2*c + w*i - 129, -4*c = -5*i - 128. Is c prime?
True
Suppose v + 3*v - 148 = 0. Let k = -12 + v. Is k a prime number?
False
Suppose 9 = 2*d - 1. Suppose -1 = 3*p + d. Is p - -8*14/4 composite?
True
Let m be (6/12)/((-1)/(-1228)). Suppose -w + 3*w = m. Is w a composite number?
False
Let x be (138 - 2) + -1 - 3. Suppose -24 - x = -v. Suppose -3*k = m + 1 - 23, -5*k = -4*m + v. Is m a composite number?
True
Let d = 2222 + -823. Is d composite?
False
Let k be ((-9)/(-18))/((-2)/(-3092)). Suppose -2058 = -5*f - k. Is f a composite number?
False
Suppose -2*g = -g. Suppose -2*u + 15 = u - 3*h, g = h. Suppose -9 = -u*t + 6. Is t a composite number?
False
Is ((-2)/6)/((-11)/5874) a prime number?
False
Suppose -2*n - 10 = 0, 5*n - n - 16 = 3*c. Let l be 8/c - (-2)/(-6). Is ((-2)/6)/(l/39) composite?
False
Let d(r) = -6*r + 2. Let x be d(-9). Suppose -3*c = -215 + x. Is c a composite number?
False
Suppose 4*y + 3*c + 3 = 0, 3*y + 0*c - 29 = 4*c. Suppose -l = -4*t - 341, y*l + 4*t - 678 = 297. Is l prime?
False
Let v(y) = y**3 - 6*y**2 + 2*y - 9. Let f be v(6). Is f/(-5) + 292/20 a composite number?
True
Let w = -1 + 5. Suppose z = -q + 4, w = -5*z + 2*q + q. Let m(u) = 46*u**3 + 2*u - 1. Is m(z) a composite number?
False
Suppose -3*d + 3*l = 0, -2*l + 6 + 15 = 5*d. Let p(m) = 2*m - 4 + 5*m + 8*m + 24*m. Is p(d) a composite number?
False
Let k = 28 + -20. Let p be 1*-8*-1 + -1. Is ((-182)/k)/(p/(-28)) a prime number?
False
Let c = -550 + 773. Is c prime?
True
Let o(t) be the first derivative of t**3/3 - 3*t**2/2 + 6*t - 2. Is o(-5) a prime number?
False
Let q(i) = -i**3 - 9*i**2 - 9*i + 6. Suppose 0 = -3*u - 0*u + 3, 2*u + 22 = -3*c. Is q(c) a composite number?
True
Suppose 0 = -3*f + 5*p + 140 + 219, 440 = 4*f + 3*p. Is